f 9?
True
Does 20 divide 19023180?
True
Is 435 a factor of 4284086625?
True
Is 14 a factor of 88491957?
False
Is 77192832 a multiple of 96?
True
Is 4 a factor of 505778143?
False
Is 224 a factor of 247018037?
False
Is 431 a factor of 40396337?
True
Does 102 divide 4357431?
False
Is 408 a factor of 72131596?
False
Is 20 a factor of 78847118?
False
Does 165 divide 4332575?
False
Does 115 divide 652458009?
False
Is 803 a factor of 587180902?
True
Does 6 divide 10494468?
True
Is 4990720 a multiple of 258?
False
Is 82464103 a multiple of 795?
False
Is 13 a factor of 25846136?
False
Does 1743 divide 2328242046?
False
Is 682 a factor of 565854718?
True
Is 44 a factor of 448953041?
False
Is 15914600 a multiple of 260?
True
Does 281 divide 173459090?
False
Is 76 a factor of 5190496?
True
Is 425534655 a multiple of 70?
False
Does 9 divide 197935785?
True
Is 303049904 a multiple of 22?
False
Is 29 a factor of 47755373?
True
Does 39 divide 137818654?
False
Does 338 divide 13773342?
False
Is 511360419 a multiple of 730?
False
Is 4498770 a multiple of 145?
True
Is 1675339054 a multiple of 897?
False
Is 111 a factor of 70211718?
True
Is 15 a factor of 2259006137?
False
Does 8 divide 61311096?
True
Does 89 divide 479216050?
True
Is 616989813 a multiple of 3?
True
Is 336429974 a multiple of 41?
False
Is 33 a factor of 577737893?
False
Is 65676392 a multiple of 1063?
True
Does 107 divide 33534218?
False
Does 103 divide 7369032?
True
Does 419 divide 21638362?
False
Is 4042 a factor of 45985345?
False
Is 435 a factor of 2642625?
True
Is 757758 a multiple of 1311?
True
Is 96197437 a multiple of 931?
True
Does 940 divide 6786506478?
False
Is 355 a factor of 1091609?
False
Is 289 a factor of 59503039?
False
Does 12 divide 934485355?
False
Does 22 divide 14640692?
True
Is 16425460 a multiple of 28?
False
Is 19 a factor of 313945881?
False
Is 60760029 a multiple of 226?
False
Is 384 a factor of 105995136?
True
Is 287 a factor of 394793659?
False
Is 12812327 a multiple of 13?
False
Does 272 divide 46388512?
True
Is 46146382 a multiple of 15?
False
Does 18 divide 149604804?
True
Does 2190 divide 1692672900?
True
Does 4 divide 7172523?
False
Is 530013302 a multiple of 98?
True
Does 1547 divide 18741905?
True
Does 5 divide 150898240?
True
Does 16 divide 8463257?
False
Is 159489782 a multiple of 158?
True
Does 112 divide 76755616?
True
Is 4049864 a multiple of 14?
True
Is 243322269 a multiple of 17?
False
Is 480661152 a multiple of 314?
True
Is 2522 a factor of 1258745332?
True
Is 178 a factor of 157338114?
False
Is 48 a factor of 338721936?
True
Does 91 divide 3810807?
True
Does 83 divide 4223518378?
False
Does 22 divide 184175666?
False
Is 411 a factor of 12386870?
False
Is 26680225 a multiple of 715?
True
Does 1083 divide 1237185627?
True
Does 39 divide 48854444?
False
Does 16 divide 15418769?
False
Does 2334 divide 11173861?
False
Is 3486 a factor of 176750658?
True
Does 15 divide 46022295?
True
Is 621997666 a multiple of 17?
True
Is 126639908 a multiple of 724?
True
Does 12 divide 189510857?
False
Is 321652968 a multiple of 13?
True
Is 256255337 a multiple of 15?
False
Is 900 a factor of 1047699900?
True
Is 617408150 a multiple of 1565?
True
Is 2375 a factor of 150472885?
False
Is 1414741000 a multiple of 8?
True
Is 48 a factor of 18490695?
False
Is 519549855 a multiple of 99?
False
Is 337 a factor of 138773927?
False
Is 18 a factor of 18043223?
False
Is 4 a factor of 84755344?
True
Does 17 divide 584247678?
False
Is 937 a factor of 24729155?
False
Is 171 a factor of 314835453?
True
Is 57 a factor of 14917869?
True
Is 443 a factor of 2109823527?
False
Is 25626566 a multiple of 5?
False
Is 793774233 a multiple of 3227?
True
Is 16 a factor of 348792720?
True
Does 2434 divide 99078404?
True
Is 155 a factor of 2836494?
False
Is 1081376248 a multiple of 3062?
False
Is 185133663 a multiple of 627?
True
Is 9175630 a multiple of 10?
True
Is 3434 a factor of 1031270084?
False
Is 527877608 a multiple of 562?
True
Does 1017 divide 1058542849?
False
Is 138 a factor of 62627850?
True
Is 272 a factor of 216366752?
True
Is 3693 a factor of 654499673?
False
Is 1202235040 a multiple of 848?
True
Is 25808216 a multiple of 8?
True
Is 12201518 a multiple of 406?
True
Is 218621710 a multiple of 160?
False
Does 3497 divide 126391228?
False
Is 463167161 a multiple of 42?
False
Is 13585585 a multiple of 5?
True
Is 177919980 a multiple of 3316?
True
Is 278 a factor of 53288430?
True
Is 1325 a factor of 77396802?
False
Does 15 divide 3641518215?
True
Is 974722707 a multiple of 189?
True
Is 610 a factor of 64175640?
False
Does 239 divide 72536973?
False
Is 2430972848 a multiple of 17?
False
Does 306 divide 200622601?
False
Is 43568818 a multiple of 4?
False
Does 16 divide 620435680?
True
Does 8 divide 140674565?
False
Does 116 divide 8121392?
True
Does 111 divide 247382048?
False
Is 174288098 a multiple of 80?
False
Is 380 a factor of 55415922?
False
Is 584 a factor of 45284647?
False
Is 37351792 a multiple of 69?
False
Is 43878520 a multiple of 208?
False
Is 51978022 a multiple of 18?
False
Does 424 divide 721335119?
False
Is 5 a factor of 700440?
True
Does 159 divide 165834774?
True
Is 144 a factor of 41041417?
False
Is 245607582 even?
True
Does 302 divide 158340714?
True
Does 568 divide 43631864?
False
Is 1719702495 a multiple of 315?
True
Is 46194066 a multiple of 153?
True
Does 146 divide 57935790?
False
Is 56 a factor of 54664812?
False
Does 57 divide 92316117?
True
Does 337 divide 10743484?
False
Is 69 a factor of 234781053?
False
Is 908189329 a multiple of 71?
True
Is 13619472 a multiple of 371?
False
Does 14 divide 116032564?
False
Is 36 a factor of 3791290?
False
Does 143 divide 73677993?
False
Is 22 a factor of 445819188?
False
Is 68938931 a multiple of 311?
False
Is 70 a factor of 26764290?
True
Does 2020 divide 71224759?
False
Is 15 a factor of 120718410?
True
Does 168 divide 11059608?
True
Is 116998357 a multiple of 119?
False
Is 97 a factor of 2929195197?
False
Does 780 divide 13381058?
False
Is 13853100 a multiple of 183?
True
Does 16 divide 109221680?
True
Does 765 divide 119040347?
False
Is 9 a factor of 51826428?
True
Does 1728 divide 875130746?
False
Is 36 a factor of 5748782218?
False
Does 626 divide 115474954?
False
Is 32 a factor of 30826897?
False
Does 39 divide 145222154?
False
Is 38 a factor of 31897922?
True
Is 103086972 a multiple of 94?
False
Does 4 divide 46197424?
True
Is 104788204 a multiple of 68?
True
Is 725 a factor of 132018875?
True
Is 238579200 a multiple of 654?
True
Does 3508 divide 2062840812?
True
Is 1282 a factor of 171700824?
True
Is 85 a factor of 43222415?
True
Is 2637527 a multiple of 119?
False
Is 41883662 a multiple of 490?
False
Is 34059845 a multiple of 3?
False
Does 94 divide 479757008?
False
Does 120 divide 65691673?
False
Is 1148 a factor of 123917699?
False
Is 9 a factor of 2353263?
False
Is 2166 a factor of 113870952?
True
Does 15 divide 698980?
False
Is 38628751 a multiple of 7?
True
Is 608589074 a multiple of 2206?
True
Is 82 a factor of 54755582?
True
Does 57 divide 9731781?
True
Does 6 divide 1457170?
False
Is 117024068 a multiple of 10?
False
Is 178433902 a multiple of 19?
True
Is 12 a factor of 27756986?
False
Is 582 a factor of 207837438?
True
Is 6509 a factor of 620971618?
True
Is 88320090 a multiple of 5?
True
Does 31 divide 24671474?
True
Does 1077 divide 35992793?
False
Is 1657214554 a multiple of 31?
True
Is 6315 a factor of 1510143840?
True
Does 180 divide 10566900?
True
Is 348 a factor of 1020527748?
True
Does 76 divide 181360031?
False
Is 14645092 a multiple of 3386?
False
Does 42 divide 243631248?
True
Is 3464 a factor of 133621962?
False
Does 2146 divide 418345532?
True
Does 207 divide 26250470?
False
Does 1274 divide 1511556410?
True
Is 34 a factor of 14213320?
False
Does 11 divide 44107085?
True
Does 46 divide 28511587?
False
Is 22424900 a multiple of 1675?
True
Is 49610650 a multiple of 970?
True
Is 484758780 a multiple of 186?
True
Is 893 a factor of 61516416?
False
Does 15 divide 47221904?
False
Is 378754412 a multiple of 19?
False
Is 56040842 a multiple of 381?
False
Is 867349 a multiple of 31?
True
Does 28 divide 1156626716?
True
Is 3337996 a multiple of 1052?
True
Is 144 a factor of 2100672?
True
Is 156657806 